 prime factors of 0 - (2 + m - 9)?
3
Suppose 224 = 3*r - 532. What are the prime factors of r?
2, 3, 7
Let c = -4 - -31. List the prime factors of c.
3
Let m(j) = j**3 + 8*j**2 - 8*j + 12. Let s be m(-9). Suppose b - 18 = -4*v, s*b + 14 = -v + 57. What are the prime factors of b?
2, 7
Let h(w) = -w**3 + 12*w**2 + 2*w + 11. What are the prime factors of h(11)?
2, 7, 11
Let s be (-80)/(-30) + 4/(-6). Suppose s*d + 20 = 3*x + x, 0 = -4*d + 16. What are the prime factors of x?
7
Suppose i - 4 = -w, 3*i - 2*w - 13 = -2*i. Suppose i*z = -z + 52. What are the prime factors of z?
13
Let k = -24 + 47. List the prime factors of k + (3/(-1) - -1).
3, 7
Suppose -4*d + 12 = 3*t, 0*d - 4*t = 2*d - 6. Suppose -d*j - 2*j = 30. Let m = j - -11. What are the prime factors of m?
5
Let v be (-4 + 6)/(0 - -1). Suppose 0 = v*n + 2*n - 8. Let z = n - 0. What are the prime factors of z?
2
Let v(b) = -b**3 + 3*b**2 + 5. Let g(p) = 3*p**3 - 9*p**2 - p - 14. Let a(j) = 3*g(j) + 8*v(j). What are the prime factors of a(4)?
2
Let m(t) = -t + 5. Let k be m(5). Suppose 4*c + 0*c - 16 = k. What are the prime factors of c?
2
Let c = 4 - 2. Suppose -4 = 2*s + 4*z, 2*s = 3*z + c + 22. Suppose n = 4*k - 13, -4*k + s*n = 2*n - 16. List the prime factors of k.
3
Let v = 307 + -162. What are the prime factors of v?
5, 29
What are the prime factors of (22/(-33) - (-22)/6) + 75?
2, 3, 13
Suppose -3*g - 18 = -3. Let z(k) = -4*k + 3. List the prime factors of z(g).
23
Suppose 0 = -2*k - 2*f + 50, 4*k - 83 - 2 = f. What are the prime factors of k?
2, 11
Suppose -2*w + 16 = -0*w. List the prime factors of w.
2
Let g(i) = -3*i + 6. Let v be g(6). Let w(p) = p**2 + 2*p - 1. Let n be w(-3). What are the prime factors of (-142)/v + n/12?
2, 3
What are the prime factors of ((-42)/(-5))/((-8)/(-40))?
2, 3, 7
Suppose -2*a + 38 - 8 = 0. What are the prime factors of a?
3, 5
Let x(u) = -u**3 + 7*u**2 - 5*u + 2. Suppose -m - 2*m = -18. Suppose 2*b - m = b. List the prime factors of x(b).
2
Let z = 5 - 3. Suppose z*a = -0*a + 22. Let n = a - 8. List the prime factors of n.
3
Let y(w) = -3*w - 1. Let o be y(-1). Let u(m) = m**3 - 2*m - 1. What are the prime factors of u(o)?
3
Let k be (-6 + 3)/((-3)/2). Suppose b + b - 18 = g, -g = k*b - 26. What are the prime factors of b?
11
Suppose -3*q + 12 + 0 = 0. Let n(a) = -2*a**3 - 5*a**2 + a**3 - 6 + 8*a - 2*a + 2*a**3. What are the prime factors of n(q)?
2
Suppose 0 = -7*m + 787 - 206. What are the prime factors of m?
83
Let k = 172 + -105. What are the prime factors of k?
67
Let b(y) = y**3 + 12*y**2 + 9*y - 6. Let x(o) = -2*o**2 - o - 1. Let c be x(-1). Let u be ((-26)/(-2) + c)/(-1). List the prime factors of b(u).
2
Suppose -3*t + 5*m - 5 = 6, 0 = 3*m - 3. Let u be (-17 - -7)*(-1)/(-2). What are the prime factors of (-18)/(u + 2) + t?
2
Let n(j) = 8*j**3 + 2*j**2 - 2*j - 2. Let s be n(-2). List the prime factors of s/(-3) + (1 - 2).
17
Suppose 0 = -20*j + 24*j - 428. List the prime factors of j.
107
Let n = 13 - 11. Suppose 18 - n = 2*d. What are the prime factors of d?
2
Let g = 5 - 1. Let s(i) = -i**3 + 5*i**2 - 7*i + 6. Let q be s(g). Let h(d) = -d**2 - 8*d - 7. What are the prime factors of h(q)?
5
Suppose 9*a - 891 = 324. List the prime factors of a.
3, 5
Let v(r) = r**3 - 13*r**2 - 13*r - 9. Let u be v(14). Suppose -b - u*d = -35, 0*d - 20 = -5*d. What are the prime factors of b?
3, 5
Suppose 4*w = -t + 6*t + 32, -15 = -w + 3*t. Suppose -10 = -5*a, -a - 1 = -w*v - 0*v. What are the prime factors of (14/21)/(v/18)?
2, 3
Let q(l) = 3*l - 2. Let f(o) = 4*o - 2. Let j(x) = 2*f(x) - 3*q(x). What are the prime factors of j(-4)?
2, 3
Let v(o) = -o**2 - 2*o + 8. Let x be v(6). What are the prime factors of (8 - 8) + (1 - x)?
41
Let a(r) = r + 3. What are the prime factors of a(10)?
13
What are the prime factors of ((-2)/(-4))/((-10)/(-1060))?
53
Let v(j) = -5*j. Let h be v(1). Let f = 1 - h. List the prime factors of f.
2, 3
Let w(m) = m - 6. Let z be (-28)/(-6) - (-1)/3. Let i be w(z). List the prime factors of (3 + i)/1 - -6.
2
Suppose 2*b = -2*b. Suppose b = -y + 3*y. What are the prime factors of (y - -3)/(6/4)?
2
Let j be -9*(-4 - (-52)/12). Let t be 4/((-1)/1) + -1. List the prime factors of (-1 + j)/(t + 4).
2
Let f = -2 + 15. What are the prime factors of f?
13
Suppose 9*a - 10 = 17. List the prime factors of a.
3
Let f(b) = 2*b**3 + b**2 - 3*b + 5. What are the prime factors of f(3)?
59
Suppose 0 = y - 67 - 83. What are the prime factors of y?
2, 3, 5
Suppose 0 = p + 4, 0*l - 193 = -l + p. What are the prime factors of l?
3, 7
Suppose 7 - 1 = 3*o. Suppose 0 = -2*u - o*u + 136. List the prime factors of u.
2, 17
Suppose d = 4*n + 62, -265 - 102 = -5*d + n. List the prime factors of d.
2, 37
Suppose -3*x - 8 = -5*x. Suppose 4*t = 2*t - x. List the prime factors of 56/6 - t/3.
2, 5
Let k be 3 + 2*(-3)/(-6). Suppose p = 3*w - 15, 3 = -k*p + 15. What are the prime factors of w?
2, 3
Let y = 568 - 401. List the prime factors of y.
167
Suppose 0 = -5*q - 20, 3*y + 7*q - 2*q + 26 = 0. Let h(w) = -2*w + 3. Let o be h(-6). Let p = y + o. What are the prime factors of p?
13
Suppose r = 3*j - r + 38, -5*r = 2*j. Let w = j + 17. List the prime factors of w.
7
Let o = 259 + -70. List the prime factors of o.
3, 7
Suppose v + 6 = -3*g, -g + 4 + 7 = -4*v. Let o = g + 5. Suppose z - 1 = o. What are the prime factors of z?
5
Let o(m) = 2*m**2 + 5*m - 4. Let x be ((-12)/(-8))/(6/(-16)). Let k be o(x). What are the prime factors of 3/12 - (-62)/k?
2
Suppose 2*w - k = 144 + 173, 0 = 5*k - 25. What are the prime factors of w?
7, 23
Let d = -45 + 103. Suppose 2*x + 24 - d = 0. List the prime factors of x.
17
What are the prime factors of (4/3 + -1)*93?
31
Let u be 4/4 + (1 - -36). Suppose -14 + u = 4*f. What are the prime factors of f?
2, 3
Let n(y) = 2*y**2 - y - 2. Let x be n(2). Suppose -x*d + 65 = -3. List the prime factors of d.
17
Let f be ((-8)/12)/((-1)/(-6)). Let r(v) = v**2 + 2*v + 1. List the prime factors of r(f).
3
List the prime factors of (-882)/9*(-2)/4.
7
Let o(r) = -r**2 + 6*r + 4. Let d = 3 + 0. Suppose -d*a + 16 = a. List the prime factors of o(a).
2, 3
Let y(i) = 12*i - 54. What are the prime factors of y(19)?
2, 3, 29
Suppose 4*m + 96 = m. Let b = -18 - m. List the prime factors of b.
2, 7
Let r = 49 - -77. Let z be 5/(15/r) - 2. Suppose -4*y + z = 2*m - m, 4*m + 16 = 0. List the prime factors of y.
11
Suppose 0 = -4*a - 4*a + 200. List the prime factors of a.
5
Suppose -2*o - 92 = -4*t, -4*o - 115 + 0 = -5*t. Let u = 41 - t. List the prime factors of u.
2, 3
List the prime factors of (-4 + 105/25)*95.
19
Let l = 29 + 8. What are the prime factors of l?
37
Let d(s) = s**2 - 3*s - 35. What are the prime factors of d(10)?
5, 7
Suppose 4*u - 17 = 111. List the prime factors of u.
2
Suppose 2*y - 6 = 2. Suppose -u + 5*x = -6*u + 45, y*u + x - 27 = 0. What are the prime factors of (-28)/(-6) + (-4)/u?
2
Let q = 4 + 11. Suppose -q + 71 = 4*i. Suppose -3*p + 38 = 4*k, -3*k = i - 2. List the prime factors of p.
2, 3
Suppose 0*l - 2*l = -4*s - 40, -55 = 5*s - 5*l. Let r = -2 - s. What are the prime factors of r?
7
Suppose 2*p - 3*p = 5. Let z(q) be the first derivative of q**4/4 + 4*q**3/3 - 3*q**2 + q - 5. List the prime factors of z(p).
2, 3
Let b = -3 - -7. Suppose -15 = -5*i, 4*s - 20 = 2*s + b*i. What are the prime factors of s?
2
Suppose 25 = -7*l + 2*l. Let c = l - -10. What are the prime factors of c?
5
Let p be ((-3)/2)/((-6)/(-84)). Let m = 30 + p. What are the prime factors of m?
3
Let f(q) = 7*q**2 + 3*q + 6. What are the prime factors of f(4)?
2, 5, 13
Let a be 3/(6/(-10))*-1. Suppose 2*i = a*l + 33, -i = 2*l + 2 + 4. Suppose u - i = 2. What are the prime factors of u?
2, 3
Suppose -4*z + 0*z = 48. What are the prime factors of (-2 + (-28)/z)*15?
5
Let o = -13 + 10. Let r = 3 - 2. Let s = r - o. List the prime factors of s.
2
Let a(i) = -i**3 + 11*i**2 - 6*i. List the prime factors of a(10).
2, 5
Let i = -5 - -10. Suppose 2*b = -4 - 0, -i*b + 190 = 5*g. List the prime factors of g.
2, 5
Suppose -5*v + 15 = 0, v - 4*v + 9 = 4*j. Let x = 3 - -13. Suppose 2*p - x = -j*p. List the prime factors of p.
2
Let u = -65 - -84. Let p(b) = -b**2 - 3*b + 1. Let h be p(-3). List the prime factors of u + -5 - (-1 + h).
2, 7
Let b be (-5)/2*108/(-10). Su